ime factors of 2637578607?
3, 1571, 559639
List the prime factors of 179208026.
2, 89604013
List the prime factors of 606211807.
43, 971, 14519
List the prime factors of 2243656135.
5, 7, 19, 37, 67, 1361
What are the prime factors of 1621153873?
23, 61, 193, 5987
List the prime factors of 245908627.
245908627
List the prime factors of 47239737.
3, 15746579
What are the prime factors of 3691683734?
2, 1845841867
List the prime factors of 88934282.
2, 44467141
List the prime factors of 34825526.
2, 73, 238531
What are the prime factors of 3706190488?
2, 7, 11, 13, 29, 15959
List the prime factors of 3210113743.
3210113743
List the prime factors of 44949245.
5, 11, 23, 35533
List the prime factors of 2542019358.
2, 3, 423669893
What are the prime factors of 435831439?
23, 1609, 11777
What are the prime factors of 1297753657?
2939, 441563
List the prime factors of 46736423.
107, 577, 757
List the prime factors of 166661423.
97, 1718159
What are the prime factors of 92446635?
3, 5, 29, 461
What are the prime factors of 824669544?
2, 3, 71, 107, 4523
What are the prime factors of 57687003?
3, 11, 29, 71, 283
What are the prime factors of 70674014?
2, 1723, 20509
List the prime factors of 626412862.
2, 19, 1013, 16273
What are the prime factors of 1222296469?
41, 29812109
List the prime factors of 1950069909.
3, 43, 15116821
List the prime factors of 1537720218.
2, 3, 31, 311, 8861
What are the prime factors of 22444008?
2, 3, 935167
List the prime factors of 34583285.
5, 11, 628787
What are the prime factors of 480507623?
59, 71, 251, 457
List the prime factors of 797090352.
2, 3, 31, 535679
What are the prime factors of 173447035?
5, 167, 207721
What are the prime factors of 104931191?
17, 1297, 4759
List the prime factors of 7050202628.
2, 7, 7079, 35569
What are the prime factors of 2717696?
2, 1327
List the prime factors of 111185.
5, 37, 601
List the prime factors of 260813449.
13, 709, 28297
What are the prime factors of 607410447?
3, 7, 1831, 15797
List the prime factors of 9210968.
2, 13, 31, 2857
What are the prime factors of 361593824?
2, 677, 16691
List the prime factors of 4195606.
2, 2097803
List the prime factors of 102302196.
2, 3, 71, 167, 719
What are the prime factors of 1563202824?
2, 3, 463, 140677
What are the prime factors of 1422921988?
2, 149, 2387453
List the prime factors of 2843201413.
13, 1294129
List the prime factors of 36378614.
2, 18189307
List the prime factors of 901261983.
3, 43, 977, 7151
List the prime factors of 304290239.
11, 1741, 15889
List the prime factors of 45323248.
2, 23, 79, 1559
List the prime factors of 57100016.
2, 19, 31, 73, 83
List the prime factors of 358944555.
3, 5, 23, 1040419
What are the prime factors of 310905613?
73, 1571, 2711
List the prime factors of 1116918180.
2, 3, 5, 7, 23, 29, 443
List the prime factors of 135328393.
19, 379, 18793
What are the prime factors of 1938976515?
3, 5, 7, 701, 2927
What are the prime factors of 4118900686?
2, 2059450343
What are the prime factors of 7195306247?
73, 1061, 92899
List the prime factors of 153231629.
151, 1014779
List the prime factors of 9183581.
11, 461, 1811
What are the prime factors of 362918648?
2, 45364831
List the prime factors of 1797070224.
2, 3, 23, 1627781
What are the prime factors of 466262804?
2, 7, 163, 102161
List the prime factors of 4500310917.
3, 103, 14564113
List the prime factors of 304584396.
2, 3, 157, 269, 601
List the prime factors of 252361147.
1499, 168353
List the prime factors of 216846833.
7, 29, 433, 2467
List the prime factors of 29418024.
2, 3, 17, 72103
What are the prime factors of 25461183?
3, 11, 70141
List the prime factors of 567884853.
3, 59, 1069463
What are the prime factors of 8270975289?
3, 2756991763
What are the prime factors of 850912744?
2, 11, 2789, 3467
What are the prime factors of 67089650?
2, 5, 17, 78929
What are the prime factors of 519995934?
2, 3, 28888663
List the prime factors of 1051032356.
2, 11, 211, 113209
List the prime factors of 390353955.
3, 5, 19, 557, 2459
What are the prime factors of 1391184014?
2, 11, 63235637
What are the prime factors of 177128937?
3, 907, 2411
What are the prime factors of 265962099?
3, 13, 6819541
What are the prime factors of 122308999?
17, 7194647
List the prime factors of 5757624435.
3, 5, 19, 20202191
List the prime factors of 16147801.
269, 60029
What are the prime factors of 22480500?
2, 3, 5, 7, 2141
What are the prime factors of 700901610?
2, 3, 5, 103, 109, 2081
What are the prime factors of 6909932?
2, 1727483
What are the prime factors of 47299009?
47299009
List the prime factors of 32802163.
17, 23, 43, 1951
List the prime factors of 115189894.
2, 19, 101, 30013
What are the prime factors of 84825695?
5, 16965139
What are the prime factors of 692723047?
8641, 80167
List the prime factors of 17912534.
2, 113, 79259
What are the prime factors of 123632793?
3, 1429, 9613
What are the prime factors of 418517609?
937, 446657
What are the prime factors of 89707362?
2, 3, 3499, 4273
List the prime factors of 1566529556.
2, 19, 20612231
What are the prime factors of 620651968?
2, 29, 334403
List the prime factors of 2569158339.
3, 11, 1361, 57203
What are the prime factors of 100460122?
2, 7, 53, 135391
What are the prime factors of 102578046?
2, 3, 29, 589529
List the prime factors of 69579669.
3, 23, 1008401
List the prime factors of 6079821140.
2, 5, 11329, 26833
List the prime factors of 4854798324.
2, 3, 17, 23, 311, 1109
What are the prime factors of 290556781?
290556781
List the prime factors of 13174662.
2, 3, 2195777
What are the prime factors of 49810019?
7, 23, 193, 229
List the prime factors of 185807313.
3, 20645257
List the prime factors of 1175022294.
2, 3, 281, 696929
What are the prime factors of 117365741?
971, 120871
What are the prime factors of 1083269757?
3, 37, 9759187
What are the prime factors of 2967799210?
2, 5, 1487, 199583
What are the prime factors of 65341639?
11, 43, 138143
What are the prime factors of 59105357?
59105357
List the prime factors of 2762625718.
2, 1087, 1270757
What are the prime factors of 533704892?
2, 7, 19060889
What are the prime factors of 212171571?
3, 23574619
What are the prime factors of 116647230?
2, 3, 5, 7, 251, 2213
What are the prime factors of 956125307?
659, 1450873
List the prime factors of 8747414.
2, 13, 401, 839
What are the prime factors of 126505432?
2, 17, 930187
What are the prime factors of 288546470?
2, 5, 61, 473027
List the prime factors of 2144873957.
19, 103, 107, 10243
What are the prime factors of 1045363649?
11, 61, 141629
What are the prime factors of 85674039?
3, 11, 67, 38749
List the prime factors of 1570828168.
2, 7, 13, 2157731
What are the prime factors of 6528192490?
2, 5, 43, 15181843
What are the prime factors of 360917470?
2, 5, 29, 1244543
What are the prime factors of 2043823712?
2, 7, 43, 30313
List the prime factors of 207778528.
2, 19, 563, 607
List the prime factors of 1832213939.
29, 4001, 15791
What are the prime factors of 3885645852?
2, 3, 11, 23, 29, 47, 313
What are the prime factors of 149198636?
2, 281, 132739
List the prime factors of 1910699041.
109, 1601, 10949
What are the prime factors of 1110813992?
2, 439, 316291
List the prime factors of 371866969.
371866969
List the prime factors of 22807609.
11, 73, 28403
List the prime factors of 3673762766.
2, 83, 22131101
What are the prime factors of 77179825?
5, 421, 7333
List the prime factors of 362469707.
19, 431, 44263
What are the prime factors of 266039950?
2, 5, 11, 483709
What are the prime factors of 416593360?
2, 5, 37, 140741
What are the prime factors of 3351029748?
2, 3, 11, 25386589
What are the prime factors of 11805061?
19, 53, 617
List the prime factors of 201820352.
2, 79, 179, 223
What are the prime factors of 39633652?
2, 61, 127, 1279
List the prime factors of 14235504.
2, 3, 157, 1889
List the prime factors of 140571564.
2, 3, 7, 179, 9349
List the prime factors of 85034235.
3, 5, 11, 13, 29, 1367
List the prime factors of 3773828136.
2, 3, 13, 197, 4723
List the prime factors of 238516342.
2, 373, 319727
What are the prime factors of 208989910?
2, 5, 31, 674161
What are the prime factors of 595075861?
595075861
List the prime factors of 312502996.
2, 13, 701, 8573